{"id":4243,"date":"2025-05-23T14:42:05","date_gmt":"2025-05-23T12:42:05","guid":{"rendered":"https:\/\/jonathan-lhuillier.fr\/graphiste\/?page_id=4243"},"modified":"2025-05-23T14:48:15","modified_gmt":"2025-05-23T12:48:15","slug":"mep-num","status":"publish","type":"page","link":"https:\/\/jonathan-lhuillier.fr\/graphiste\/portfolios\/mep-num\/","title":{"rendered":"MeP num\u00e9rique"},"content":{"rendered":"\t\t<div data-elementor-type=\"wp-page\" data-elementor-id=\"4243\" class=\"elementor elementor-4243\">\n\t\t\t\t\t\t<section class=\"elementor-section elementor-top-section elementor-element elementor-element-f6a703b elementor-section-full_width elementor-section-height-default elementor-section-height-default\" data-id=\"f6a703b\" data-element_type=\"section\" data-e-type=\"section\" data-settings=\"{&quot;background_background&quot;:&quot;classic&quot;,&quot;tmea_shape_divider_top&quot;:&quot;none&quot;,&quot;tmea_shape_divider_bottom&quot;:&quot;none&quot;}\">\n\t\t\t\t\t\t<div class=\"elementor-container elementor-column-gap-default\">\n\t\t\t\t\t<div class=\"elementor-column elementor-col-100 elementor-top-column elementor-element elementor-element-1872fc4\" data-id=\"1872fc4\" data-element_type=\"column\" data-e-type=\"column\">\n\t\t\t<div class=\"elementor-widget-wrap elementor-element-populated\">\n\t\t\t\t\t\t<div class=\"elementor-element elementor-element-d590d27 elementor-align-center elementor-widget elementor-widget-button\" data-id=\"d590d27\" data-element_type=\"widget\" data-e-type=\"widget\" data-widget_type=\"button.default\">\n\t\t\t\t<div class=\"elementor-widget-container\">\n\t\t\t\t\t\t\t\t\t<div class=\"elementor-button-wrapper\">\n\t\t\t\t\t<a class=\"elementor-button elementor-size-xs elementor-animation-float\" role=\"button\">\n\t\t\t\t\t\t<span class=\"elementor-button-content-wrapper\">\n\t\t\t\t\t\t\t\t\t<span class=\"elementor-button-text\">Mise en page num\u00e9rique<\/span>\n\t\t\t\t\t<\/span>\n\t\t\t\t\t<\/a>\n\t\t\t\t<\/div>\n\t\t\t\t\t\t\t\t<\/div>\n\t\t\t\t<\/div>\n\t\t\t\t<section class=\"elementor-section elementor-inner-section elementor-element elementor-element-ce7b222 elementor-section-full_width elementor-section-height-default elementor-section-height-default\" data-id=\"ce7b222\" data-element_type=\"section\" data-e-type=\"section\" data-settings=\"{&quot;tmea_shape_divider_top&quot;:&quot;none&quot;,&quot;tmea_shape_divider_bottom&quot;:&quot;none&quot;}\">\n\t\t\t\t\t\t<div class=\"elementor-container elementor-column-gap-default\">\n\t\t\t\t\t<div class=\"elementor-column elementor-col-20 elementor-inner-column elementor-element elementor-element-de8d10f\" data-id=\"de8d10f\" data-element_type=\"column\" data-e-type=\"column\">\n\t\t\t<div class=\"elementor-widget-wrap elementor-element-populated\">\n\t\t\t\t\t\t<div class=\"elementor-element elementor-element-993a94c elementor-align-center elementor-widget elementor-widget-button\" data-id=\"993a94c\" data-element_type=\"widget\" data-e-type=\"widget\" data-widget_type=\"button.default\">\n\t\t\t\t<div class=\"elementor-widget-container\">\n\t\t\t\t\t\t\t\t\t<div class=\"elementor-button-wrapper\">\n\t\t\t\t\t<a class=\"elementor-button elementor-button-link elementor-size-xs elementor-animation-float\" href=\"https:\/\/jonathan-lhuillier.fr\/graphiste\/portfolios\/creationsoriginales\">\n\t\t\t\t\t\t<span class=\"elementor-button-content-wrapper\">\n\t\t\t\t\t\t\t\t\t<span class=\"elementor-button-text\">Cr\u00e9actions originales<\/span>\n\t\t\t\t\t<\/span>\n\t\t\t\t\t<\/a>\n\t\t\t\t<\/div>\n\t\t\t\t\t\t\t\t<\/div>\n\t\t\t\t<\/div>\n\t\t\t\t\t<\/div>\n\t\t<\/div>\n\t\t\t\t<div class=\"elementor-column elementor-col-20 elementor-inner-column elementor-element elementor-element-4cdee2a\" data-id=\"4cdee2a\" data-element_type=\"column\" data-e-type=\"column\">\n\t\t\t<div class=\"elementor-widget-wrap elementor-element-populated\">\n\t\t\t\t\t\t<div class=\"elementor-element elementor-element-1eac2cc elementor-align-center elementor-widget elementor-widget-button\" data-id=\"1eac2cc\" data-element_type=\"widget\" data-e-type=\"widget\" data-widget_type=\"button.default\">\n\t\t\t\t<div class=\"elementor-widget-container\">\n\t\t\t\t\t\t\t\t\t<div class=\"elementor-button-wrapper\">\n\t\t\t\t\t<a class=\"elementor-button elementor-button-link elementor-size-xs elementor-animation-float\" href=\"https:\/\/jonathan-lhuillier.fr\/graphiste\/portfolios\/covers\">\n\t\t\t\t\t\t<span class=\"elementor-button-content-wrapper\">\n\t\t\t\t\t\t\t\t\t<span class=\"elementor-button-text\">Couvertures<\/span>\n\t\t\t\t\t<\/span>\n\t\t\t\t\t<\/a>\n\t\t\t\t<\/div>\n\t\t\t\t\t\t\t\t<\/div>\n\t\t\t\t<\/div>\n\t\t\t\t\t<\/div>\n\t\t<\/div>\n\t\t\t\t<div class=\"elementor-column elementor-col-20 elementor-inner-column elementor-element elementor-element-d402249\" data-id=\"d402249\" data-element_type=\"column\" data-e-type=\"column\">\n\t\t\t<div class=\"elementor-widget-wrap elementor-element-populated\">\n\t\t\t\t\t\t<div class=\"elementor-element elementor-element-08eb6fa elementor-align-center elementor-widget elementor-widget-button\" data-id=\"08eb6fa\" data-element_type=\"widget\" data-e-type=\"widget\" data-widget_type=\"button.default\">\n\t\t\t\t<div class=\"elementor-widget-container\">\n\t\t\t\t\t\t\t\t\t<div class=\"elementor-button-wrapper\">\n\t\t\t\t\t<a class=\"elementor-button elementor-button-link elementor-size-xs elementor-animation-float\" href=\"https:\/\/jonathan-lhuillier.fr\/graphiste\/portfolios\/mep\">\n\t\t\t\t\t\t<span class=\"elementor-button-content-wrapper\">\n\t\t\t\t\t\t\t\t\t<span class=\"elementor-button-text\">Mise en page<\/span>\n\t\t\t\t\t<\/span>\n\t\t\t\t\t<\/a>\n\t\t\t\t<\/div>\n\t\t\t\t\t\t\t\t<\/div>\n\t\t\t\t<\/div>\n\t\t\t\t\t<\/div>\n\t\t<\/div>\n\t\t\t\t<div class=\"elementor-column elementor-col-20 elementor-inner-column elementor-element elementor-element-5dc95ad\" data-id=\"5dc95ad\" data-element_type=\"column\" data-e-type=\"column\">\n\t\t\t<div class=\"elementor-widget-wrap elementor-element-populated\">\n\t\t\t\t\t\t<div class=\"elementor-element elementor-element-0f7c094 elementor-align-center elementor-widget elementor-widget-button\" data-id=\"0f7c094\" data-element_type=\"widget\" data-e-type=\"widget\" data-widget_type=\"button.default\">\n\t\t\t\t<div class=\"elementor-widget-container\">\n\t\t\t\t\t\t\t\t\t<div class=\"elementor-button-wrapper\">\n\t\t\t\t\t<a class=\"elementor-button elementor-button-link elementor-size-xs elementor-animation-float\" href=\"https:\/\/jonathan-lhuillier.fr\/graphiste\/services\/book-trailers\/\">\n\t\t\t\t\t\t<span class=\"elementor-button-content-wrapper\">\n\t\t\t\t\t\t\t\t\t<span class=\"elementor-button-text\">Book Trailers<\/span>\n\t\t\t\t\t<\/span>\n\t\t\t\t\t<\/a>\n\t\t\t\t<\/div>\n\t\t\t\t\t\t\t\t<\/div>\n\t\t\t\t<\/div>\n\t\t\t\t\t<\/div>\n\t\t<\/div>\n\t\t\t\t<div class=\"elementor-column elementor-col-20 elementor-inner-column elementor-element elementor-element-3806a65\" data-id=\"3806a65\" data-element_type=\"column\" data-e-type=\"column\">\n\t\t\t<div class=\"elementor-widget-wrap elementor-element-populated\">\n\t\t\t\t\t\t<div class=\"elementor-element elementor-element-6bb5010 elementor-align-center elementor-widget elementor-widget-button\" data-id=\"6bb5010\" data-element_type=\"widget\" data-e-type=\"widget\" data-widget_type=\"button.default\">\n\t\t\t\t<div class=\"elementor-widget-container\">\n\t\t\t\t\t\t\t\t\t<div class=\"elementor-button-wrapper\">\n\t\t\t\t\t<a class=\"elementor-button elementor-button-link elementor-size-xs elementor-animation-float\" href=\"https:\/\/jonathan-lhuillier.fr\/graphiste\/portfolios\/fanarts\/\">\n\t\t\t\t\t\t<span class=\"elementor-button-content-wrapper\">\n\t\t\t\t\t\t\t\t\t<span class=\"elementor-button-text\">Fanarts<\/span>\n\t\t\t\t\t<\/span>\n\t\t\t\t\t<\/a>\n\t\t\t\t<\/div>\n\t\t\t\t\t\t\t\t<\/div>\n\t\t\t\t<\/div>\n\t\t\t\t\t<\/div>\n\t\t<\/div>\n\t\t\t\t\t<\/div>\n\t\t<\/section>\n\t\t\t\t\t<\/div>\n\t\t<\/div>\n\t\t\t\t\t<\/div>\n\t\t<\/section>\n\t\t\t\t<section class=\"elementor-section elementor-top-section elementor-element elementor-element-afd1745 elementor-section-full_width elementor-section-height-default elementor-section-height-default\" data-id=\"afd1745\" data-element_type=\"section\" data-e-type=\"section\" data-settings=\"{&quot;tmea_shape_divider_top&quot;:&quot;none&quot;,&quot;tmea_shape_divider_bottom&quot;:&quot;none&quot;}\">\n\t\t\t\t\t\t<div class=\"elementor-container elementor-column-gap-no\">\n\t\t\t\t\t<div class=\"elementor-column elementor-col-100 elementor-top-column elementor-element elementor-element-77be13d\" data-id=\"77be13d\" data-element_type=\"column\" data-e-type=\"column\">\n\t\t\t<div class=\"elementor-widget-wrap elementor-element-populated\">\n\t\t\t\t\n\t\t<div class=\"elementor-element elementor-element-740eb27 elementor-widget elementor-widget-tme-photo_gallery\" data-id=\"740eb27\" data-element_type=\"widget\" data-e-type=\"widget\" data-widget_type=\"tme-photo_gallery.default\">\n\t\t\t\t<div class=\"elementor-widget-container\">\n\t\t\t\t\t        <div id=\"tme-photo-gallery-740eb27\" class=\"tme-masonry-grid tme-masonry-alt\">\n            <div class=\"tme-five-columns\" data-columns>\n                                 \n                <div class=\"tme-masonry-item\">\n                <a class=\"tme-gallery-item elementor-animation-shrink\" href=\"https:\/\/jonathan-lhuillier.fr\/graphiste\/wp-content\/uploads\/Ebook-Good-mockup-785x1000-1.png\" data-caption=\"\" data-elementor-open-lightbox=\"default\" data-elementor-lightbox-slideshow=\"tme-gallery-740eb27\">\n                    <img decoding=\"async\" src=\"https:\/\/jonathan-lhuillier.fr\/graphiste\/wp-content\/uploads\/Ebook-Good-mockup-785x1000-1.png\" alt=\"\" \/>           \n                                    <\/a>\n                <\/div>\n                                 \n                <div class=\"tme-masonry-item\">\n                <a class=\"tme-gallery-item elementor-animation-shrink\" href=\"https:\/\/jonathan-lhuillier.fr\/graphiste\/wp-content\/uploads\/Polices-785x1000-1.png\" data-caption=\"\" data-elementor-open-lightbox=\"default\" data-elementor-lightbox-slideshow=\"tme-gallery-740eb27\">\n                    <img decoding=\"async\" src=\"https:\/\/jonathan-lhuillier.fr\/graphiste\/wp-content\/uploads\/Polices-785x1000-1.png\" alt=\"\" \/>           \n                                    <\/a>\n                <\/div>\n                                 \n                <div class=\"tme-masonry-item\">\n                <a class=\"tme-gallery-item elementor-animation-shrink\" href=\"https:\/\/jonathan-lhuillier.fr\/graphiste\/wp-content\/uploads\/SMS-785x1000-1.png\" data-caption=\"\" data-elementor-open-lightbox=\"default\" data-elementor-lightbox-slideshow=\"tme-gallery-740eb27\">\n                    <img decoding=\"async\" src=\"https:\/\/jonathan-lhuillier.fr\/graphiste\/wp-content\/uploads\/SMS-785x1000-1.png\" alt=\"\" \/>           \n                                    <\/a>\n                <\/div>\n                                 \n                <div class=\"tme-masonry-item\">\n                <a class=\"tme-gallery-item elementor-animation-shrink\" href=\"https:\/\/jonathan-lhuillier.fr\/graphiste\/wp-content\/uploads\/Notes-785x1000-1.png\" data-caption=\"\" data-elementor-open-lightbox=\"default\" data-elementor-lightbox-slideshow=\"tme-gallery-740eb27\">\n                    <img decoding=\"async\" src=\"https:\/\/jonathan-lhuillier.fr\/graphiste\/wp-content\/uploads\/Notes-785x1000-1.png\" alt=\"\" \/>           \n                                    <\/a>\n                <\/div>\n                                 \n                <div class=\"tme-masonry-item\">\n                <a class=\"tme-gallery-item elementor-animation-shrink\" href=\"https:\/\/jonathan-lhuillier.fr\/graphiste\/wp-content\/uploads\/Base-785x1000-1.png\" data-caption=\"\" data-elementor-open-lightbox=\"default\" data-elementor-lightbox-slideshow=\"tme-gallery-740eb27\">\n                    <img decoding=\"async\" src=\"https:\/\/jonathan-lhuillier.fr\/graphiste\/wp-content\/uploads\/Base-785x1000-1.png\" alt=\"\" \/>           \n                                    <\/a>\n                <\/div>\n                            <\/div>\n        <\/div>\n        <div class=\"tme-clear\"><\/div>\n\t\t\t\t\t<\/div>\n\t\t\t\t<\/div>\n\t\t\t\t\t<\/div>\n\t\t<\/div>\n\t\t\t\t\t<\/div>\n\t\t<\/section>\n\t\t\t\t<\/div>\n\t\t","protected":false},"excerpt":{"rendered":"<p>Mise en page num\u00e9rique Cr\u00e9actions originales Couvertures Mise en page Book Trailers Fanarts<\/p>\n","protected":false},"author":2,"featured_media":3548,"parent":3334,"menu_order":0,"comment_status":"closed","ping_status":"closed","template":"","meta":{"ocean_post_layout":"","ocean_both_sidebars_style":"","ocean_both_sidebars_content_width":0,"ocean_both_sidebars_sidebars_width":0,"ocean_sidebar":"0","ocean_second_sidebar":"0","ocean_disable_margins":"enable","ocean_add_body_class":"","ocean_shortcode_before_top_bar":"","ocean_shortcode_after_top_bar":"","ocean_shortcode_before_header":"","ocean_shortcode_after_header":"","ocean_has_shortcode":"","ocean_shortcode_after_title":"","ocean_shortcode_before_footer_widgets":"","ocean_shortcode_after_footer_widgets":"","ocean_shortcode_before_footer_bottom":"","ocean_shortcode_after_footer_bottom":"","ocean_display_top_bar":"default","ocean_display_header":"default","ocean_header_style":"","ocean_center_header_left_menu":"0","ocean_custom_header_template":"0","ocean_custom_logo":0,"ocean_custom_retina_logo":0,"ocean_custom_logo_max_width":0,"ocean_custom_logo_tablet_max_width":0,"ocean_custom_logo_mobile_max_width":0,"ocean_custom_logo_max_height":0,"ocean_custom_logo_tablet_max_height":0,"ocean_custom_logo_mobile_max_height":0,"ocean_header_custom_menu":"0","ocean_menu_typo_font_family":"0","ocean_menu_typo_font_subset":"","ocean_menu_typo_font_size":0,"ocean_menu_typo_font_size_tablet":0,"ocean_menu_typo_font_size_mobile":0,"ocean_menu_typo_font_size_unit":"px","ocean_menu_typo_font_weight":"","ocean_menu_typo_font_weight_tablet":"","ocean_menu_typo_font_weight_mobile":"","ocean_menu_typo_transform":"","ocean_menu_typo_transform_tablet":"","ocean_menu_typo_transform_mobile":"","ocean_menu_typo_line_height":0,"ocean_menu_typo_line_height_tablet":0,"ocean_menu_typo_line_height_mobile":0,"ocean_menu_typo_line_height_unit":"","ocean_menu_typo_spacing":0,"ocean_menu_typo_spacing_tablet":0,"ocean_menu_typo_spacing_mobile":0,"ocean_menu_typo_spacing_unit":"","ocean_menu_link_color":"","ocean_menu_link_color_hover":"","ocean_menu_link_color_active":"","ocean_menu_link_background":"","ocean_menu_link_hover_background":"","ocean_menu_link_active_background":"","ocean_menu_social_links_bg":"","ocean_menu_social_hover_links_bg":"","ocean_menu_social_links_color":"","ocean_menu_social_hover_links_color":"","ocean_disable_title":"default","ocean_disable_heading":"default","ocean_post_title":"","ocean_post_subheading":"","ocean_post_title_style":"","ocean_post_title_background_color":"","ocean_post_title_background":0,"ocean_post_title_bg_image_position":"","ocean_post_title_bg_image_attachment":"","ocean_post_title_bg_image_repeat":"","ocean_post_title_bg_image_size":"","ocean_post_title_height":0,"ocean_post_title_bg_overlay":0.5,"ocean_post_title_bg_overlay_color":"","ocean_disable_breadcrumbs":"default","ocean_breadcrumbs_color":"","ocean_breadcrumbs_separator_color":"","ocean_breadcrumbs_links_color":"","ocean_breadcrumbs_links_hover_color":"","ocean_display_footer_widgets":"default","ocean_display_footer_bottom":"default","ocean_custom_footer_template":"0","footnotes":""},"class_list":["post-4243","page","type-page","status-publish","has-post-thumbnail","hentry","entry","has-media"],"yoast_head":"<!-- This site is optimized with the Yoast SEO plugin v27.3 - https:\/\/yoast.com\/product\/yoast-seo-wordpress\/ -->\n<title>MeP num\u00e9rique - Jonathan Lhuillier<\/title>\n<meta name=\"robots\" content=\"index, follow, max-snippet:-1, max-image-preview:large, max-video-preview:-1\" \/>\n<link rel=\"canonical\" href=\"https:\/\/jonathan-lhuillier.fr\/graphiste\/portfolios\/mep-num\/\" \/>\n<meta property=\"og:locale\" content=\"fr_FR\" \/>\n<meta property=\"og:type\" content=\"article\" \/>\n<meta property=\"og:title\" content=\"MeP num\u00e9rique - Jonathan Lhuillier\" \/>\n<meta property=\"og:description\" content=\"Mise en page num\u00e9rique Cr\u00e9actions originales Couvertures Mise en page Book Trailers Fanarts\" \/>\n<meta property=\"og:url\" content=\"https:\/\/jonathan-lhuillier.fr\/graphiste\/portfolios\/mep-num\/\" \/>\n<meta property=\"og:site_name\" content=\"Jonathan Lhuillier\" \/>\n<meta property=\"article:publisher\" content=\"https:\/\/jonathan-lhuillier-graphiste.fr\/facebook\" \/>\n<meta property=\"article:modified_time\" content=\"2025-05-23T12:48:15+00:00\" \/>\n<meta property=\"og:image\" content=\"https:\/\/jonathan-lhuillier.fr\/graphiste\/wp-content\/uploads\/Magicians_Fan-Art-Contest.jpg\" \/>\n\t<meta property=\"og:image:width\" content=\"1333\" \/>\n\t<meta property=\"og:image:height\" content=\"1000\" \/>\n\t<meta property=\"og:image:type\" content=\"image\/jpeg\" \/>\n<meta name=\"twitter:card\" content=\"summary_large_image\" \/>\n<meta name=\"twitter:image\" content=\"https:\/\/jonathan-lhuillier.fr\/graphiste\/wp-content\/uploads\/Magicians_Fan-Art-Contest.jpg\" \/>\n<meta name=\"twitter:site\" content=\"@JonaLhuillier\" \/>\n<meta name=\"twitter:label1\" content=\"Dur\u00e9e de lecture estim\u00e9e\" \/>\n\t<meta name=\"twitter:data1\" content=\"1 minute\" \/>\n<script type=\"application\/ld+json\" class=\"yoast-schema-graph\">{\"@context\":\"https:\\\/\\\/schema.org\",\"@graph\":[{\"@type\":\"WebPage\",\"@id\":\"https:\\\/\\\/jonathan-lhuillier.fr\\\/graphiste\\\/portfolios\\\/mep-num\\\/\",\"url\":\"https:\\\/\\\/jonathan-lhuillier.fr\\\/graphiste\\\/portfolios\\\/mep-num\\\/\",\"name\":\"MeP num\u00e9rique - Jonathan Lhuillier\",\"isPartOf\":{\"@id\":\"https:\\\/\\\/jonathan-lhuillier.fr\\\/graphiste\\\/#website\"},\"primaryImageOfPage\":{\"@id\":\"https:\\\/\\\/jonathan-lhuillier.fr\\\/graphiste\\\/portfolios\\\/mep-num\\\/#primaryimage\"},\"image\":{\"@id\":\"https:\\\/\\\/jonathan-lhuillier.fr\\\/graphiste\\\/portfolios\\\/mep-num\\\/#primaryimage\"},\"thumbnailUrl\":\"https:\\\/\\\/jonathan-lhuillier.fr\\\/graphiste\\\/wp-content\\\/uploads\\\/Phoebe-1500.jpg\",\"datePublished\":\"2025-05-23T12:42:05+00:00\",\"dateModified\":\"2025-05-23T12:48:15+00:00\",\"breadcrumb\":{\"@id\":\"https:\\\/\\\/jonathan-lhuillier.fr\\\/graphiste\\\/portfolios\\\/mep-num\\\/#breadcrumb\"},\"inLanguage\":\"fr-FR\",\"potentialAction\":[{\"@type\":\"ReadAction\",\"target\":[\"https:\\\/\\\/jonathan-lhuillier.fr\\\/graphiste\\\/portfolios\\\/mep-num\\\/\"]}]},{\"@type\":\"ImageObject\",\"inLanguage\":\"fr-FR\",\"@id\":\"https:\\\/\\\/jonathan-lhuillier.fr\\\/graphiste\\\/portfolios\\\/mep-num\\\/#primaryimage\",\"url\":\"https:\\\/\\\/jonathan-lhuillier.fr\\\/graphiste\\\/wp-content\\\/uploads\\\/Phoebe-1500.jpg\",\"contentUrl\":\"https:\\\/\\\/jonathan-lhuillier.fr\\\/graphiste\\\/wp-content\\\/uploads\\\/Phoebe-1500.jpg\",\"width\":1061,\"height\":1500},{\"@type\":\"BreadcrumbList\",\"@id\":\"https:\\\/\\\/jonathan-lhuillier.fr\\\/graphiste\\\/portfolios\\\/mep-num\\\/#breadcrumb\",\"itemListElement\":[{\"@type\":\"ListItem\",\"position\":1,\"name\":\"Accueil\",\"item\":\"https:\\\/\\\/jonathan-lhuillier.fr\\\/graphiste\\\/\"},{\"@type\":\"ListItem\",\"position\":2,\"name\":\"Portfolios\",\"item\":\"https:\\\/\\\/jonathan-lhuillier.fr\\\/graphiste\\\/portfolios\\\/\"},{\"@type\":\"ListItem\",\"position\":3,\"name\":\"MeP num\u00e9rique\"}]},{\"@type\":\"WebSite\",\"@id\":\"https:\\\/\\\/jonathan-lhuillier.fr\\\/graphiste\\\/#website\",\"url\":\"https:\\\/\\\/jonathan-lhuillier.fr\\\/graphiste\\\/\",\"name\":\"Jonathan Lhuillier\",\"description\":\"Graphiste Ind\u00e9pendant\",\"publisher\":{\"@id\":\"https:\\\/\\\/jonathan-lhuillier.fr\\\/graphiste\\\/#\\\/schema\\\/person\\\/b5c3605f3204adcd524ec499e1cc33e2\"},\"potentialAction\":[{\"@type\":\"SearchAction\",\"target\":{\"@type\":\"EntryPoint\",\"urlTemplate\":\"https:\\\/\\\/jonathan-lhuillier.fr\\\/graphiste\\\/?s={search_term_string}\"},\"query-input\":{\"@type\":\"PropertyValueSpecification\",\"valueRequired\":true,\"valueName\":\"search_term_string\"}}],\"inLanguage\":\"fr-FR\"},{\"@type\":[\"Person\",\"Organization\"],\"@id\":\"https:\\\/\\\/jonathan-lhuillier.fr\\\/graphiste\\\/#\\\/schema\\\/person\\\/b5c3605f3204adcd524ec499e1cc33e2\",\"name\":\"Jonathan Lhuillier\",\"image\":{\"@type\":\"ImageObject\",\"inLanguage\":\"fr-FR\",\"@id\":\"https:\\\/\\\/jonathan-lhuillier.fr\\\/graphiste\\\/wp-content\\\/uploads\\\/Logo-Graphiste-Nouveau.png\",\"url\":\"https:\\\/\\\/jonathan-lhuillier.fr\\\/graphiste\\\/wp-content\\\/uploads\\\/Logo-Graphiste-Nouveau.png\",\"contentUrl\":\"https:\\\/\\\/jonathan-lhuillier.fr\\\/graphiste\\\/wp-content\\\/uploads\\\/Logo-Graphiste-Nouveau.png\",\"width\":1000,\"height\":1000,\"caption\":\"Jonathan Lhuillier\"},\"logo\":{\"@id\":\"https:\\\/\\\/jonathan-lhuillier.fr\\\/graphiste\\\/wp-content\\\/uploads\\\/Logo-Graphiste-Nouveau.png\"},\"sameAs\":[\"https:\\\/\\\/jonathan-lhuillier.fr\\\/\",\"https:\\\/\\\/jonathan-lhuillier-graphiste.fr\\\/facebook\",\"https:\\\/\\\/www.instagram.com\\\/jonalhuillier\",\"https:\\\/\\\/x.com\\\/JonaLhuillier\"]}]}<\/script>\n<!-- \/ Yoast SEO plugin. -->","yoast_head_json":{"title":"MeP num\u00e9rique - Jonathan Lhuillier","robots":{"index":"index","follow":"follow","max-snippet":"max-snippet:-1","max-image-preview":"max-image-preview:large","max-video-preview":"max-video-preview:-1"},"canonical":"https:\/\/jonathan-lhuillier.fr\/graphiste\/portfolios\/mep-num\/","og_locale":"fr_FR","og_type":"article","og_title":"MeP num\u00e9rique - Jonathan Lhuillier","og_description":"Mise en page num\u00e9rique Cr\u00e9actions originales Couvertures Mise en page Book Trailers Fanarts","og_url":"https:\/\/jonathan-lhuillier.fr\/graphiste\/portfolios\/mep-num\/","og_site_name":"Jonathan Lhuillier","article_publisher":"https:\/\/jonathan-lhuillier-graphiste.fr\/facebook","article_modified_time":"2025-05-23T12:48:15+00:00","og_image":[{"width":1333,"height":1000,"url":"https:\/\/jonathan-lhuillier.fr\/graphiste\/wp-content\/uploads\/Magicians_Fan-Art-Contest.jpg","type":"image\/jpeg"}],"twitter_card":"summary_large_image","twitter_image":"https:\/\/jonathan-lhuillier.fr\/graphiste\/wp-content\/uploads\/Magicians_Fan-Art-Contest.jpg","twitter_site":"@JonaLhuillier","twitter_misc":{"Dur\u00e9e de lecture estim\u00e9e":"1 minute"},"schema":{"@context":"https:\/\/schema.org","@graph":[{"@type":"WebPage","@id":"https:\/\/jonathan-lhuillier.fr\/graphiste\/portfolios\/mep-num\/","url":"https:\/\/jonathan-lhuillier.fr\/graphiste\/portfolios\/mep-num\/","name":"MeP num\u00e9rique - Jonathan Lhuillier","isPartOf":{"@id":"https:\/\/jonathan-lhuillier.fr\/graphiste\/#website"},"primaryImageOfPage":{"@id":"https:\/\/jonathan-lhuillier.fr\/graphiste\/portfolios\/mep-num\/#primaryimage"},"image":{"@id":"https:\/\/jonathan-lhuillier.fr\/graphiste\/portfolios\/mep-num\/#primaryimage"},"thumbnailUrl":"https:\/\/jonathan-lhuillier.fr\/graphiste\/wp-content\/uploads\/Phoebe-1500.jpg","datePublished":"2025-05-23T12:42:05+00:00","dateModified":"2025-05-23T12:48:15+00:00","breadcrumb":{"@id":"https:\/\/jonathan-lhuillier.fr\/graphiste\/portfolios\/mep-num\/#breadcrumb"},"inLanguage":"fr-FR","potentialAction":[{"@type":"ReadAction","target":["https:\/\/jonathan-lhuillier.fr\/graphiste\/portfolios\/mep-num\/"]}]},{"@type":"ImageObject","inLanguage":"fr-FR","@id":"https:\/\/jonathan-lhuillier.fr\/graphiste\/portfolios\/mep-num\/#primaryimage","url":"https:\/\/jonathan-lhuillier.fr\/graphiste\/wp-content\/uploads\/Phoebe-1500.jpg","contentUrl":"https:\/\/jonathan-lhuillier.fr\/graphiste\/wp-content\/uploads\/Phoebe-1500.jpg","width":1061,"height":1500},{"@type":"BreadcrumbList","@id":"https:\/\/jonathan-lhuillier.fr\/graphiste\/portfolios\/mep-num\/#breadcrumb","itemListElement":[{"@type":"ListItem","position":1,"name":"Accueil","item":"https:\/\/jonathan-lhuillier.fr\/graphiste\/"},{"@type":"ListItem","position":2,"name":"Portfolios","item":"https:\/\/jonathan-lhuillier.fr\/graphiste\/portfolios\/"},{"@type":"ListItem","position":3,"name":"MeP num\u00e9rique"}]},{"@type":"WebSite","@id":"https:\/\/jonathan-lhuillier.fr\/graphiste\/#website","url":"https:\/\/jonathan-lhuillier.fr\/graphiste\/","name":"Jonathan Lhuillier","description":"Graphiste Ind\u00e9pendant","publisher":{"@id":"https:\/\/jonathan-lhuillier.fr\/graphiste\/#\/schema\/person\/b5c3605f3204adcd524ec499e1cc33e2"},"potentialAction":[{"@type":"SearchAction","target":{"@type":"EntryPoint","urlTemplate":"https:\/\/jonathan-lhuillier.fr\/graphiste\/?s={search_term_string}"},"query-input":{"@type":"PropertyValueSpecification","valueRequired":true,"valueName":"search_term_string"}}],"inLanguage":"fr-FR"},{"@type":["Person","Organization"],"@id":"https:\/\/jonathan-lhuillier.fr\/graphiste\/#\/schema\/person\/b5c3605f3204adcd524ec499e1cc33e2","name":"Jonathan Lhuillier","image":{"@type":"ImageObject","inLanguage":"fr-FR","@id":"https:\/\/jonathan-lhuillier.fr\/graphiste\/wp-content\/uploads\/Logo-Graphiste-Nouveau.png","url":"https:\/\/jonathan-lhuillier.fr\/graphiste\/wp-content\/uploads\/Logo-Graphiste-Nouveau.png","contentUrl":"https:\/\/jonathan-lhuillier.fr\/graphiste\/wp-content\/uploads\/Logo-Graphiste-Nouveau.png","width":1000,"height":1000,"caption":"Jonathan Lhuillier"},"logo":{"@id":"https:\/\/jonathan-lhuillier.fr\/graphiste\/wp-content\/uploads\/Logo-Graphiste-Nouveau.png"},"sameAs":["https:\/\/jonathan-lhuillier.fr\/","https:\/\/jonathan-lhuillier-graphiste.fr\/facebook","https:\/\/www.instagram.com\/jonalhuillier","https:\/\/x.com\/JonaLhuillier"]}]}},"_links":{"self":[{"href":"https:\/\/jonathan-lhuillier.fr\/graphiste\/wp-json\/wp\/v2\/pages\/4243","targetHints":{"allow":["GET"]}}],"collection":[{"href":"https:\/\/jonathan-lhuillier.fr\/graphiste\/wp-json\/wp\/v2\/pages"}],"about":[{"href":"https:\/\/jonathan-lhuillier.fr\/graphiste\/wp-json\/wp\/v2\/types\/page"}],"author":[{"embeddable":true,"href":"https:\/\/jonathan-lhuillier.fr\/graphiste\/wp-json\/wp\/v2\/users\/2"}],"replies":[{"embeddable":true,"href":"https:\/\/jonathan-lhuillier.fr\/graphiste\/wp-json\/wp\/v2\/comments?post=4243"}],"version-history":[{"count":4,"href":"https:\/\/jonathan-lhuillier.fr\/graphiste\/wp-json\/wp\/v2\/pages\/4243\/revisions"}],"predecessor-version":[{"id":4248,"href":"https:\/\/jonathan-lhuillier.fr\/graphiste\/wp-json\/wp\/v2\/pages\/4243\/revisions\/4248"}],"up":[{"embeddable":true,"href":"https:\/\/jonathan-lhuillier.fr\/graphiste\/wp-json\/wp\/v2\/pages\/3334"}],"wp:featuredmedia":[{"embeddable":true,"href":"https:\/\/jonathan-lhuillier.fr\/graphiste\/wp-json\/wp\/v2\/media\/3548"}],"wp:attachment":[{"href":"https:\/\/jonathan-lhuillier.fr\/graphiste\/wp-json\/wp\/v2\/media?parent=4243"}],"curies":[{"name":"wp","href":"https:\/\/api.w.org\/{rel}","templated":true}]}}